k(l) = 14*l. Let j be k(3). Suppose j = q*v - 18. What is the units digit of v?
2
Let g be 1 + 1 + -1 + 2. What is the units digit of -6*(4/2 - g)?
6
Suppose -4*d = -3*j - 254, -j + 194 = 5*d - 133. Suppose -2*q = 3*q - d. What is the tens digit of q?
1
Let l = -118 + 172. What is the units digit of l?
4
What is the units digit of 1136/44 + 2/11?
6
Suppose 0*m - 4*m + 48 = 0. Let k = m + -7. What is the units digit of k?
5
Let b(c) = -c**3 + 3*c**2 + 2*c - 1. Let r be b(3). Suppose 0 = 4*a - f - 124, -2*f = -4*a + 126 - 2. Suppose 0 = r*x - a + 11. What is the units digit of x?
4
Suppose -i - 18 = 2*i. Let k be (-2 + i/(-4))*-34. Suppose 4*t - 5*h - 19 = t, -h - k = -5*t. What is the units digit of t?
3
Let d(n) = -n**2 - 15*n - 1. Let c be d(-6). Suppose 3*u - u + 3*h - c = 0, -u = 4*h - 19. What is the units digit of (-1)/(3 - u/10)?
0
Suppose -4*y + 302 = -542. What is the hundreds digit of y?
2
Let y = 210 + -137. What is the units digit of y?
3
Suppose -4*u + 116 = -4*l, 5*l + 49 - 144 = -5*u. What is the units digit of u?
4
Suppose 0 = -2*b - 3 + 21. Suppose -b = -2*h - 3*k, -h + 7 = -5*h - k. What is the tens digit of -2 - 3/h - -13?
1
Suppose -3*y - 116 = -392. What is the units digit of y?
2
Let v(y) = -y**3 - 3*y**2 - y + 1. Let n be v(-2). Let l(f) = -13*f + 1. What is the units digit of l(n)?
4
Suppose 0 = 2*u + 3*m + 14, 4*m = 6*u - u + 35. Let o = u + 9. What is the units digit of o?
2
Suppose 0*c = -5*c + 900. Suppose z + 3*z = c. What is the tens digit of z?
4
Let w(y) = 2*y**2 - 7*y + 5. Let p be w(4). Suppose p*g + 30 = 4*g - 3*o, 3*g + 5*o = -34. Let h = g + 12. What is the units digit of h?
9
Let z(j) = -j**2 + 6*j + 7. Let v be z(7). Suppose v = 5*c - 14 - 6. What is the units digit of c?
4
Let r(b) = b**2 - 2*b + 2. What is the units digit of r(5)?
7
Suppose -w = -4 - 16. What is the units digit of w?
0
Suppose 33 = 3*x - 15. Suppose -5*j = -3*j - x. What is the units digit of j?
8
Let h(b) = b + 142. What is the hundreds digit of h(0)?
1
Let o(v) = 30*v + 2. Let k be o(3). Suppose 4*d - j = 95, -3*d = d - 4*j - k. What is the units digit of d?
4
Let j(m) = -m**3 - 2*m**2 + 2*m - 2. Let n be j(-3). What is the units digit of (22 - n)*3/9?
7
Let x = -19 - -8. Let z = -11 - x. What is the units digit of (-3)/(-6)*z + 2?
2
Suppose 0 = s + 4*s - 50. Suppose -4*z = -3*z - s. What is the tens digit of z?
1
Let i(o) = -2*o - 2. What is the units digit of i(-6)?
0
Let r be 3 + -4 + 4 + -1. Let l = r + 3. Suppose -16 = l*g - 46. What is the units digit of g?
6
Suppose 0 = 50*n - 46*n - 632. What is the units digit of n?
8
Suppose u = 2*u. Suppose 5*h = 4*b + 31, u*b = -3*h + 3*b + 21. Suppose -t - 5 = -4*s, -h*s + 3*t + 1 = 2*s. What is the units digit of s?
2
Let i(w) = -4*w - 3. Let t be i(-6). Suppose -2*s - t = -5*s. What is the units digit of s?
7
Suppose 0 = x + 4*x - 555. What is the tens digit of x?
1
Suppose -5 = -3*w + r, 3*w - r = 2*w + 3. Suppose 11 = i - 5*y, -4*i + 3*y - 4 = 7*y. Suppose -k + i = -w. What is the units digit of k?
2
Suppose -9 = 2*n - 7*n - w, 3*w = -3. Suppose 2*p - 6 = 0, -n*m + 18 = 2*p - 24. Suppose -2*h + m = -4*b - 6, 3*h = -2*b + 4. What is the units digit of h?
4
Let u = 31 - 28. What is the units digit of u?
3
Suppose 0 = 4*k - 0*k + 16. What is the units digit of k/(-6) - (-21)/9?
3
What is the tens digit of (-20)/30*(-1 + (-43)/2)?
1
Suppose -3*z = -3*d, -2*z - 4 = -4*d - 0. Suppose -5*t = 4*g - 262, -d*g - 59 - 85 = -3*t. What is the units digit of t?
0
Let k(f) = f**3 + f**2 + f + 2. Let r be k(0). Suppose r = v - 1. What is the units digit of v?
3
Let l = -1 - 1. Let v be (1 - (4 - l)) + 2. Let d(s) = -s + 2. What is the units digit of d(v)?
5
Let i = 4 - 0. Suppose -66 = -x - 10. Suppose 3*f + x - 11 = 5*k, i*f = 0. What is the units digit of k?
9
Let r = 69 + -97. Let b = -14 - r. What is the tens digit of b?
1
Let a = 4 + 35. Suppose -2*c = c - a. What is the tens digit of c?
1
Let o = 3 + -1. What is the units digit of o?
2
Let t(l) = -4*l**3 + 2*l**2 + 7*l + 10. What is the units digit of t(-3)?
5
Let n be (-3857)/(-28) + (-1)/(-4). What is the units digit of (10/(-30))/((-2)/n)?
3
Let c(m) = -m**2 + 3*m - 2. Let n be c(2). Let a(f) = 2*f**2 + 5*f + 2. Let x be a(-3). Suppose n = x*i - 8 - 7. What is the units digit of i?
3
Let p = 1 - -1. Let o be 8/(-14)*14/(-4). Let d = o + p. What is the units digit of d?
4
Suppose 245 = 4*b + 5*j, -3*j - 123 = -2*b - 6*j. Let g be ((-14)/(-7))/(3 + -2). Suppose -4*x + 4*s + b = 0, -g*s + 8 = -4*s. What is the units digit of x?
1
Suppose 76 = w - 15. What is the tens digit of w?
9
Let q = 15 + -32. Let a(y) = 2*y**2 + 6*y - 1. Let v(n) = 6*n**2 + 17*n - 3. Let d(m) = q*a(m) + 6*v(m). What is the units digit of d(-1)?
1
Let o be ((-6)/9)/((-2)/6). Suppose 7*s = -o*z + 2*s + 42, 70 = 4*z + 3*s. What is the units digit of z?
6
What is the tens digit of (2/5)/((-1)/(-45))?
1
What is the tens digit of -3 + 0 - -1 - -227?
2
Let h(i) be the first derivative of i**4/4 - 5*i**3/3 + 2*i**2 + 4*i - 2. Let s(x) = -x**3 + 5*x**2 - 2*x - 4. Let l be s(4). What is the units digit of h(l)?
4
Suppose -2*r - 5*v - 14 = 0, 0*r - v = -4*r + 16. Suppose 4*k + 14 = 66. Suppose 0 = 2*w - k - r. What is the units digit of w?
8
Let p = -11 - -80. What is the tens digit of p?
6
Suppose -2*t - 2*j + 76 = 0, 4*t - 2*j - 129 = 17. What is the tens digit of t?
3
Suppose 3*b - 268 = 5*i, 376 = 4*b + 2*i - 4*i. What is the units digit of b?
6
Suppose i - 2*i = 1. Let s = 2 - i. Suppose 7 + 56 = s*f. What is the units digit of f?
1
What is the units digit of 14 - 12 - (-1 - 60)?
3
Let p(m) = m**3 - m + 4. Suppose 3*i - 8 = -i. What is the tens digit of p(i)?
1
Suppose 0 = -3*m + 27 - 6. Suppose 2 + m = f. What is the units digit of f?
9
Let k(o) = 3*o**2 + 22*o - 8. Let x(g) = -g**2 - 7*g + 3. Let f(i) = -4*k(i) - 11*x(i). What is the units digit of f(-5)?
9
Let n be 16/6 + (-2)/(-6). Suppose 30 = 2*i + n*i. Suppose 0 = v - i*v - 10, -o - 5*v = -1. What is the units digit of o?
1
Let z be (-2)/(-8) + 7/4. Suppose 0*m - z*m = 18. Let a = 17 + m. What is the units digit of a?
8
Suppose -d + 16 = 3*d. Suppose -3*u = w - 11, -w = -d*w + 15. Let j(f) = f**3. What is the units digit of j(u)?
8
Let m be ((-26)/4)/(2/4). Suppose 8*w - 3*w - 105 = 0. Let f = w + m. What is the units digit of f?
8
Let t(o) = 9*o + 2. Let l(d) = d. Let y(v) = 4*l(v) - t(v). What is the units digit of y(-8)?
8
What is the tens digit of ((-122)/10)/(2/(-10))?
6
Suppose -40*x - 1098 = -43*x. What is the units digit of x?
6
Let u(f) = 128*f**2 - f - 1. What is the hundreds digit of u(1)?
1
Let k(o) = -3*o**2. Let c be k(1). What is the units digit of 10 - (-3)/9*c?
9
Suppose 4*b + 6 = 2. Let t(d) = -3*d - 5. Let q(j) = 2*j + 3. Let c(p) = -7*q(p) - 4*t(p). What is the units digit of c(b)?
1
Let q(f) = -f + 100. Let x be q(0). Suppose -5*d - x = -2*s, -2*d - 250 = 2*s - 7*s. Suppose -5*n + s = 5*h, -7*n + 3*n = -h. What is the units digit of h?
8
Let q = -2 - -2. What is the units digit of (4 - q)/((-1)/(-2))?
8
Suppose 4*d - 909 - 267 = 0. What is the tens digit of d?
9
Let k = 13 + -18. Let i = k - -3. What is the units digit of 5 - (4/i - 0)?
7
Let z(p) = -p**2 - 2*p - 4. Let m be z(-3). Let w = 16 + m. What is the units digit of w?
9
Let n(i) be the third derivative of i**5/60 + i**4/24 + i**3/6 - i**2. Let s be n(-2). What is the units digit of 1*2/3*s?
2
Let q = 15 + -15. Let b(m) = -m + 20. What is the units digit of b(q)?
0
Let t = -18 - -6. Let g(w) = -w + 1. What is the units digit of g(t)?
3
Suppose -4*h + 19 + 21 = 0. Suppose -k + h = k. What is the tens digit of k*4*2/4?
1
Let o(h) = -h**3 + 6*h**2 + 6*h + 9. Let i be o(7). Let b(j) = -j**i - 10*j + 4*j**2 - 4*j**2. What is the units digit of b(-9)?
9
Let w be 34/6 - 2/(-6). Let x = -4 + w. Suppose t + 1 = -2*j, t = -t - x*j + 8. What is the units digit of t?
9
What is the tens digit of (-116)/6*(-18)/12?
2
Let k(x) = x**2 + 3*x + 6. Let p be k(-4). Suppose 3*o = 2*f + 2, -2*f + 0*f + p = 3*o. Suppose t = f*j + 4, 4*t = -5*j + j + 4. What is the units digit of t?
2
Let o(u) = -3 + 7*u - 4 - u**3 + 5*u**2 + 3. What is the units digit of o(6)?
2
Let i = 3 + -6. Let o = i - -5. Suppose o*y + 3*y = 35. What is the units digit of y?
7
Let d = -248